 + -11?
-26
What is 28 - (85 + -24 + -20)?
-13
What is the value of 6 + (10 - 28 - -3)?
-9
Calculate 14 - (-37 + 29 - (0 + 3 + -8)).
17
Evaluate -1 + 22 + 4 - (-24 + 37).
12
13 + 1 - ((-3 - -5) + 1)
11
Calculate (8 - -28) + -77 - -77.
36
Calculate 1 - -18 - (-1 - (3 + -15)).
8
Calculate (1 - 13) + (328 - 322).
-6
Evaluate (2 - 4) + (8 - -1) - (5 + -3).
5
What is (-2 - -3 - (0 - -13)) + 403 + -401?
-10
Calculate (-6 - (-3 - (0 - 3))) + -30.
-36
Calculate -3 - (-7 + 6 + 1 - (-1 - 1)).
-5
-18 + (27 - 16 - -3)
-4
(-3 - -2 - (-28 - -9)) + -8
10
Evaluate -3 + (-4 - -11) + 7 + -1.
10
What is the value of (-2 - -13) + -352 + 345?
4
What is 4 + -5 + -4 + 4 - (1 - -6)?
-8
What is the value of (6 - 8) + -21 - -27?
4
Evaluate -20 + 23 - (1 - 7).
9
What is (-4 - (3 - -3 - (5 + 0))) + -7?
-12
-22 + ((6 - -2) + 3 - 2)
-13
-236 + 227 - ((-1 - 2) + -1 - -2)
-7
What is (15 - 23) + -1 + -6 - 12?
-27
What is -14 - (-26 - (4 + -19))?
-3
7 - (-76 + 20 - -30)
33
What is the value of -2 + (16 - 16) + 11?
9
Evaluate (-8 - -21) + -27 + 14.
0
Calculate -2 + -1 + (-94 - -94) + (2 - 12).
-13
What is the value of 6 - (25 - 15) - (0 + -16) - 6?
6
What is 19 - 53 - -44 - (29 - 0)?
-19
Calculate (5 - 2) + (-7 + 7 - 7 - -4).
0
Evaluate 21 + -25 + (15 - (0 + -1)).
12
Calculate -1 - (3 + -2 + 0 - (2 + 2)).
2
What is the value of 26 + 11 - (3 + 19)?
15
Evaluate ((12 - 7) + 3 - (1 - 7)) + -5.
9
What is 5 - (0 + (3 - (2 - 5) - 7))?
6
Calculate -116 + 120 + (0 - 11).
-7
(-13 - (1 + -6)) + 23 + (2 - -1)
18
What is the value of 6 + ((-13 - -7) + 2 - 0) + -9?
-7
Evaluate (33 - 28) + 5 + -3 + -20.
-13
Calculate (-3 + 6 - (12 + -3)) + 7.
1
24 + 1 - (-21 + 34)
12
What is -7 + 4 + 11 - (2 + -8 + 21)?
-7
Calculate 1 + 4 + 36 + (-10 - -1).
32
What is the value of 26 + -11 + -9 + -2 + -4?
0
Calculate -11 + 31 + -17 + 2.
5
What is -8 - (5 - 3 - 4) - (-71 + 69)?
-4
What is the value of (3 - 1) + -3 + 24 + -23?
0
What is the value of -19 - (-36 + (-1 - -19))?
-1
What is the value of -6 - (-8 - (-1 + (3 - -1)))?
5
Calculate -12 - (-3 - -8) - -38.
21
Evaluate 2 + (-7 + 11 - 1) + -6 + 17.
16
Calculate 16 + (-18 - 2) - (-5 + 1).
0
What is 5 - -18 - (68 - 25)?
-20
Evaluate -8 - (6 + 0 - (23 + -23)).
-14
33 - 30 - (1 - 1 - (2 - 9))
-4
What is -1 + (11 - (3 - -6)) + -11?
-10
What is the value of 46 + (-46 - (-10 + -7))?
17
What is (-32 - -82) + -19 - 16?
15
Evaluate (-1 - (-3 - -1)) + 17 - (268 + -265).
15
Calculate -6 - (0 + -7 + (1 - 6)) - 17.
-11
Calculate -16 + (-18 - (-31 - 23)).
20
-9 + 12 - 8 - -4 - -4
3
Calculate -10 + 7 - 4 - 6 - -3.
-10
Calculate (-12 + -24 - -10) + 15.
-11
Evaluate -18 + 20 - (-3 + (1 - 6)).
10
What is the value of 0 + (-3 - (-22 + 10))?
9
14 + (-4 - 2) + 1 + -7
2
What is the value of -3 + (-18 - (15 + -19))?
-17
What is the value of -1 - (0 - 0) - -25?
24
What is the value of -4 - ((18 - -1) + (-21 - -9) + 6)?
-17
What is the value of 11 - (29 - (-8 + 2 - -18))?
-6
What is -11 - (-5 - 5) - (20 - 4)?
-17
Evaluate -27 - -1 - (401 + -393).
-34
(9 - -12) + -16 + -4 - (1 - 0)
0
What is -4 - (-5 + (10 - 6))?
-3
What is 6 + 3 + -29 + 12 - (1 - 8)?
-1
What is -6 + -11 + 8 + 2?
-7
Evaluate -10 + (-17 - (-41 - -16)).
-2
2 + 4 + -3 + -20 - (-73 - -72)
-16
-23 + -6 + 20 + 1 + 10
2
Calculate -16 + 26 + -1 + 1 + -22.
-12
What is the value of -8 + (-21 - (0 - 11))?
-18
Evaluate 0 + (-1 - (-11 + (4 - -2))) - -2.
6
Evaluate (7 - (1 - -13)) + -4.
-11
(0 - 1) + 6 - (-15 + 13)
7
What is the value of 2 + -12 - (-25 + 22 + 0)?
-7
What is the value of -10 + -20 - (-9 - 9) - -9?
-3
6 + (-3 + -11 - 7)
-15
What is the value of -1 + (-7 - 4) + (33 - 3)?
18
Evaluate -10 + (15 - (-3 - -8)) - -1.
1
What is (-25 - -29) + 15 + 3 - 3?
19
What is the value of -7 - (-9 + 17 - 16) - 1?
0
Calculate 7 + (-1 - 3) - ((-12 - -13) + -3).
5
Evaluate -7 + (14 - (-5 + -2 + 2 + 0)).
12
(5 - 3 - 6 - 1) + 4 - 1
-2
What is the value of -21 - (10 + (20 - 59))?
8
What is -14 + (-4 - (13 - 26))?
-5
Calculate (28 - -12) + -6 + -39.
-5
Calculate (50 - 7) + -31 - 37.
-25
(2 + 2 - (4 + -2)) + -28 + 41
15
Evaluate 0 - (-10 + (-11 - (-20 + 10))).
11
-312 + 327 + -8 + 0
7
Calculate 7 + 27 + -41 + -32.
-39
Calculate (-5 + 5 - -3) + (0 - (-3 - 0)).
6
Calculate 27 + 0 - 0 - (64 - (-32 - -85)).
16
Calculate 36 - 21 - ((6 - 0) + (-9 - -5)).
13
Evaluate 17 + 1 - (11 + 6 + -20) - 5.
16
What is the value of 5 + -1 - (114 + -125)?
15
What is 0 + (9 - 26) + 8 + -1?
-10
What is 33 + 13 + -23 + -32?
-9
Calculate -1 - ((20 - 15) + -21).
15
Evaluate 7 - -1 - (28 + -29 + 0).
9
Evaluate 40 + -16 + -44 + 22.
2
What is -28 - (-4 - -6 - 36)?
6
Calculate -12 - (-13 - (-3 + -3)).
-5
Evaluate 7 + -1 + (12 - (9 + 15)).
-6
Calculate 13 + 23 + (55 - 124).
-33
What is the value of -10 + -14 - (-26 - 1)?
3
Calculate -11 - ((-4 + 0 - -23) + (9 - 10)).
-29
What is the value of -4 + (-4 - (-13 - -6 - -3)) - -17?
13
Calculate (1 - 0) + -4 - (5 + -7 + -4).
3
What is (1 - -7) + -2 + -6 - -4?
4
Evaluate 1 + 4 - ((-1 - 8) + 9 - -12).
-7
Evaluate 1 + 13 + 0 + (-7 - -13) + 3.
23
What is the value of -15 + (-10 - (-2 - 26)) - (1 + -23)?
25
(-1 - (4 + -2) - (57 - 63)) + 7
10
Evaluate -13 + 35 - (-6 + 13).
15
What is the value of (-32 + 39 - -10) + 17?
34
What is the value of -6 + (4 - (6 - 6)) + (4 - -2)?
4
1 + 6 - ((-30 - -55) + -11)
-7
Evaluate -995 + 990 - (-2 - (26 - (0 - 0))).
23
Calculate 22 - 3 - ((-7 + 3 - -11) + -1).
13
(-5 - (10 - (7 + -1) - 4)) + -15
-20
Calculate (18 - (28 + 1)) + 20.
9
Evaluate (6 - -7 - 4) + -3 - 0.
6
1 + ((-4 - -1) + -5 - -15) - -5
13
Evaluate (13 - 23) + (-7 - -1) + -11 + 12.
-15
Calculate -5 + (19 - 1) - 0 - (-8 + 14).
7
What is 10 + 3 + 9 + -19?
3
What is the value of (-5 - -43) + (18 - 84)?
-28
What is 9 - 6 - ((-9 - 1) + (3 - 1))?
11
What is (0 - -3) + -12 + 15 - 5?
1
50 - 28 - 8 - -7
21
Calculate -2 + (-3 - (1 - 1)) + (11 - 8).
-2
What is -361 + 340 - (-1 - 36)?
16
1 + -2 + (9 - (-3 + 2)) + -15
-6
-2 - (-5 + 2 - (-24 + 8))
-15
What is (-52 - -21 - 9) + 27?
-13
1 - -22 - 0 - (-1 - -11)
13
Calculate -7 - (4 - (-6 - 4 - -5 - -7)).
-9
Evaluate -724 - -741 - (1 + 12 + -2) - -33.
39
7 + 0 - (-7 + 8) - (-13 - -22)
-3
What is (5 - 13 - (-13 + 11 + -11)) + -28?
-23
Evaluate (-1 - -6 - (31 + -9)) + 11.
-6
Calculate 25 - ((12 - -1) + (6 - 11)).
17
What is the value of 8 - (0 + 8) - (-4 + -5 - 5)?
14
What is -2 - -9 - (-13 + 13 + 0 - 5)?
12
What is 16 + -1 + (-197 - -195)?
13
Evaluate 363 + -357 + 1 + -8.
-1
(8 - -19) + -13 - 26
-12
What is the value of (11 - 3) + -5 - 1 - (-2 - 1)?
5
Calculate -11 + 4 + 15 - -5.
13
What is the value of (5 - (5 + 1)) + 3 + (-3 - -3)?
2
What is the value of -25 + (2 - -51) + -6?
22
Evaluate 8 + -2 - 14 - (0 - 10).
2
What is the value of -1 - (7 + 9 + -9) - -29?
21
What is the value of (12 - (-9 + 15 + -3)) + -18?
-9
Evaluate -7 - (-7 + -11 + 22) - 1.
-12
Evaluate -7 + -26 + (3 + 11 - 1).
-20
What is the value of -2 + 1 - (-6 - (5 - (22 + -11)))?
-1
What is 20 - 34 - -18 - (-19 - -11)?
12
Calculate -3 - (-1 + -3) - (-4 - -12 - 15).
8
What is the value of 41 - ((2 - -10) + 23)?
6
What is (933 - 933) + (0 - (9 + 0))?
-9
Evaluate (-2 - 0) + (46 - 43) + (7 - 21).
-13
4 - (-17 - (-5 - 9))
7
(24 - (2 + 2)) + 2 + 21 + -23
20
What is 4 + 6 + (-2 - -7) + (1 - 4)?
12
Calculate 0 - (1 - (1 - 0)) - (8 - 4).
-4
What is -12 - (8 + -44 + 9)?
15
Evaluate -1 - (-14 + (-13 - -14)) - (9 - -1).
2
Evaluate 0 + -9 + 2 + (-1 - 2).
-10
-7 + 4 + -8 - (3 - 46)
32
-21 + (-16 + 5 - -8) + (-25 - -27)
-22
Evaluate 3 + -14 + -4 + 16.
1
What is -2 + 1 - (6 + 10 + -29)?
12
Evaluate (4 - 1) + 1 + -5 + (-2 - 2).
-5
What is 2 + -17 + (-286 - -305)?
4
Calculate -19 - (-194 + 200 + -2 + (-12 - -2)).
-13
Calculate -20 - (-17 - (9 + -30)).
-24
146 + -129 - (-1 + 44) - (-1 - -1)
-26
-167 - -176 - (1 - -7)
1
Calculate 9 + 0 + (25 - 41) - 8.
-15
18 - (35 - (-1 - -7))
-11
Calculate 12 - (19 + -8 + (1 - 10)).
10
-52 + 27 + (-33 - -30)
-28
Evaluate -4 + -1 + (-52 - -46).
-11
What is the value of 15 + (-2 - (8 - 4))?
9
What is the value of -5 + -2 - (7 + -37 - -9)?
14
Calculate -11 + 2 + -2 + -369 + 362.
-18
What is (-5 - 1) + -3 + (-4 - -8) + -7?
-12
What is the value of 16 - (-25 + 51) - -1?
-9
Evaluate -2 + (7 - (5 + 6)) + 0.
-6
Calculate -5 + (5 - (-7 - -18)).
-11
What is 11 - (16 + (-6 - 4))?
5
0 + (10 - (42 - 21)) + (3 - -1)
-7
-2 + (1 + 0 - (-4 + 